0)?
-17
18 + -7 + 13 + (-9 - 7)
8
Evaluate 11 - (-3 + -10 + 5 + 3 + 11).
5
Calculate -4 - (-8 + 19 + -26).
11
What is the value of 7 + -6 + 10 + 1 + (-109 - -105)?
8
What is -12 + -4 - -8 - -39?
31
What is (10 - 11 - 8) + -11?
-20
Calculate 2 - 9 - (-12 + 9 + 18) - -4.
-18
Evaluate (11 - 34 - -11) + 8.
-4
Evaluate -3 - (7 + -30 - -6).
14
What is the value of -5 + (21 + -5 + -14 - (-1 - -23))?
-25
14 - ((11 - 32) + 5 + 14)
16
Evaluate -5 + (-4 + 8 - -1) - (19 - 3).
-16
-5 + 22 + -7 + -7
3
Evaluate (9 - 10) + (37 - 7 - (7 - 4)).
26
Calculate 25 + (11 - 14) + -16.
6
Calculate -5 + 16 + (-4 - -1 - (-1 + 2)).
7
What is -12 + 3 + -12 + -3 + 21?
-3
Evaluate 5 + 0 + 11 + -12.
4
What is -1 - -35 - (-9 + 1 - (-245 + 233))?
30
Calculate (-25 - -11 - -23) + -28.
-19
Evaluate (-8 - ((-7 - -5) + 12)) + 9.
-9
-8 + 6 + 6 + -8 + 15
11
Calculate (0 - 9) + -14 + (-16 - -20).
-19
Calculate (-23 - 19 - -39) + (-2 - 0).
-5
Evaluate 7 + (5 - (-4 + 11) - (-4 + -1)).
10
Evaluate (0 - -1) + -8 - -17.
10
Evaluate (2 - -2 - (16 - 12)) + -8.
-8
Calculate 10 - (-15 + 5 - -10) - -3.
13
Evaluate 30 + -21 + -15 + 31.
25
What is (7 - 32) + 52 + -36?
-9
What is 18 - (6 + 6 + -5)?
11
What is 2 - (-6 + (7 - -12))?
-11
19 + (-7 - 11) - 5
-4
Calculate -9 + 22 + -11 - (-3 - 0 - 1).
6
What is the value of 0 + (8 - 2) + 5 + (-10 - 4)?
-3
Calculate 36 + -42 - (-4 - (-8 - (2 + -2))).
-10
Calculate -1 + (-10 - (-1 - (-6 + 15))).
-1
What is -11 - -3 - (14 + -8 + 1 + -4)?
-11
What is the value of 5 + -12 + (17 - 22)?
-12
-1 + (52 - (-17 - -42))
26
2 - (5 - (5 + 0 + -3 + -3))
-4
What is (-6 - -5) + -3 + 4 + -5 + 11?
6
What is -19 + 14 + (-20 - -4 - (-11 + 1))?
-11
What is (3 + 6 + 7 - -3) + -1?
18
What is -4 + 1 + 10 + (280 - 273)?
14
7 + (-4 - (-9 + 3) - -2) + 0
11
-2 + (6 - (3 + 10)) - -4
-5
Evaluate 5 + (11 - 13) + -8 + (-16 - -3).
-18
Calculate (-20 - 1) + (0 - (-3 + 16 + -15)).
-19
What is 16 + -3 + (-5 + 2 - 0)?
10
What is -1 + 1 + 8 + -6 + 12?
14
Calculate (-24 - (20 + -29)) + 40.
25
What is 27 + -3 + 3 + 3 + (34 - 45)?
19
What is -5 + -1 - (687 - 707)?
14
Calculate -13 + 2 - (-204 + 191).
2
Calculate -28 - (-14 + -1 + 10).
-23
Calculate (-1658 - -1660) + 1 + (0 - (1 - -1)).
1
Calculate 17 - 4 - (11 + -8).
10
653 + -643 - (-2 + 1 - -3)
8
-5 + 20 + -1 + -1 + (-4 - -6)
15
What is -3 + (4 - -1) - (15 + -19 - -20)?
-14
Calculate 243 + -274 + 16 + -1.
-16
1 - 3 - (1 + 6) - (-175 - -176)
-10
Calculate (-2 - -4 - -7) + (-5 - (-1 + -2)).
7
What is -7 - 18 - (-3 - 40)?
18
What is 16 + 2 + 54 + -60?
12
What is -11 + (10 - -6) - (-4 - 8)?
17
Evaluate 0 - ((67 - 26) + -19).
-22
5 - (1 + 15 + -55 + 34)
10
Calculate 17 + (-19 - -16) + -18 - 22.
-26
Calculate 13 + (-7 - -2) - (-2 + 2).
8
Calculate (-1176 + 1183 - (0 - -2 - -2)) + 4.
7
What is the value of -12 - 1 - -4 - (-54 + 37)?
8
-45 - (-26 - (-38 - -64))
7
Calculate -11 + 5 + 22 - 7 - 6.
3
-8 + (64 - 59) + -5 + -1 + 20
11
-29 + 4 + -28 + 36
-17
What is the value of 63 - 62 - (-6 + 10)?
-3
Calculate 19 + 15 + -27 - -8.
15
-10 + (11 + 21 - 11)
11
Calculate (7 + -8 - -39 - 16) + -16.
6
What is the value of (42 - 21) + -18 + -17?
-14
Calculate 87 + -88 + (-1 + -17 - -1) + -2.
-20
Calculate (-5 + 13 - (4 + (-3 - -3))) + -13.
-9
Calculate (9 - (-9 + 8)) + -15 + 25.
20
What is the value of (5 - (15 + 14 + -9 + 8)) + 5?
-18
0 - (6 - ((13 - 13) + (18 - -1)))
13
(-9 - 6 - -7) + 6 + 6
4
Calculate 324 - 314 - (2 - 15).
23
What is the value of -5 + -5 + -1 - -16?
5
-5 - (-2 + -6 + 0 + -1 + 14)
-10
4 - 1 - (-2 + (-26 - -39))
-8
What is -14 + (-30 - -13 - -16)?
-15
-4 - (-21 - (4 + -13) - 9)
17
What is 33 - (70 + -38 + -4)?
5
What is 27 - (-28 - -47 - -15)?
-7
What is (6 - (0 + 0)) + (-8 - (13 - -8))?
-23
Calculate (-43 - -19) + (4 - -5).
-15
Evaluate 118 + -80 - ((1 - 1) + 5 + 3).
30
Evaluate 3 + -6 - 20 - (38 - 43).
-18
Calculate (19 - -2) + (19 - 9 - 18).
13
What is the value of (-13 + 5 - -17) + (-2 - 2)?
5
Calculate (10 - 4) + -14 - 1.
-9
-29 + 36 + -3 + 2 + 0
6
0 + -15 - (20 - 19 - (-1 + 4))
-13
Calculate (16 - -2) + -11 - 16.
-9
What is (-3 + -6 - -3) + 12 + (-34 - -2)?
-26
What is -14 + 19 - (-4 + 1 + 13 - 2)?
-3
Evaluate 19 + (-20 - (-9 - -2)).
6
What is the value of (-19 - -4) + 5 - (-4 + 4)?
-10
88 + -75 + (-39 - (1 + -3))
-24
Evaluate 3 + (-1 - 2) + 8 - 6.
2
Calculate (-6 - -10 - 26) + -145 + 145.
-22
Evaluate -8 - 6 - (20 - 15 - (-3 - -3)).
-19
-16 - ((-8 - -14) + (20 - 4) + -11)
-27
Evaluate 0 + -4 - (-5 - -19 - 8).
-10
(6 - 1) + 0 + (2 - 1)
6
-5 + (-2 + -3 - (-85 - -86)) + 29
18
Calculate 14 + -11 - (0 + -4) - (33 - 21).
-5
Calculate ((-2 + -1 - -8) + -1 - 15) + 7.
-4
Evaluate 19 + -48 + 40 - (-1 - -29).
-17
Evaluate (-14 - -2) + (14 - 9) - -7.
0
28 - 0 - 49 - (1 - -12)
-34
Evaluate (2 - (11 + -7)) + -9 + 16.
5
What is (-19 + 22 - -4) + (0 - 8)?
-1
Evaluate 0 + -1 + 6 - (-105 - (-52 - 47)).
11
What is the value of -3 + 11 + (4 - 9) + 1 + 0?
4
Evaluate 29 - (91 + -93 - (-12 + 3 + -3)).
19
-17 - (12 + (-8 - (-1 + 6 + -10)))
-26
-16 + -8 + -3 + 20 - -13
6
What is 11 + -15 + 11 + -18?
-11
Calculate -69 + 71 + (5 - 1) + -5.
1
What is -7 - ((-7 - -3) + (14 - 10))?
-7
What is -30 + -2 + 0 + 973 + -971?
-30
Calculate 83 - 78 - (1 + -3).
7
Evaluate 2 - (4 + (-6 - 0 - -1)).
3
-16 - (-18 + -11) - 18
-5
What is 1 + -1 - (4 - (10 - -8) - -8)?
6
6 + -29 + 32 + 3
12
Calculate (-15 - -34) + -17 - 8.
-6
Calculate (-198 - -268) + 0 + -33.
37
What is the value of -9 - ((21 - 13) + -7)?
-10
Calculate (-30 - -18) + 0 + 1 + 24.
13
What is the value of 21 - 9 - (0 - -1)?
11
What is the value of (-5 - (1 + -7 + -3)) + 10?
14
What is 57 + -63 - (1 - 10)?
3
Evaluate -10 + 7 + -7 + -3.
-13
Evaluate -8 + 3 + -3 + (0 - 2).
-10
Evaluate -18 + 4 + 4 + 22 - (-2 + 2).
12
Calculate 35 + -11 + -8 + -10.
6
What is the value of 1 + -1 - (22 - 39) - 11?
6
((-18 - -1) + 1 - 5) + (2 - 0)
-19
What is -36 - -21 - 0 - (-1 + (-2 - -7))?
-19
What is the value of 46 - 39 - 20 - -17?
4
Evaluate 4 + -4 - (-25 - -7).
18
Evaluate (15 - -5 - 0) + -15.
5
Evaluate 9 - (-2 - (15 - 19)).
7
(1 - 9) + 2 - (-19 + 30 + -8)
-9
Evaluate 0 + 5 + -3 + 1 + -4 - 0.
-1
What is the value of (-7 - -1) + 17 - (-1 + 1)?
11
What is the value of (23 - 37) + -26 + 31?
-9
What is the value of 1 + -25 + -2468 + 2474?
-18
Evaluate -84 + 85 - (3 - 14).
12
Calculate 8 - 0 - (10 - 4 - -6).
-4
What is the value of (-2 - -5) + (-302 - -281) - (2 - -1)?
-21
What is (0 - (0 - -14)) + 27 - -16?
29
Calculate (1 - -2) + (-7 - 2) - (4 + -14).
4
What is the value of (-3 - -13) + -10 + (-4 - -20)?
16
What is the value of 7 + -2 + -8 - (-1 + (3 - 2))?
-3
-28 + 62 + -27 - 26
-19
Evaluate 0 + 1 - -2 - (-4 + 13 + -9).
3
Calculate 7 + (8 - (-11 + 29)).
-3
What is 0 + -3 + 10 + -1 + 7 - 5?
8
-41 + 13 - (1 + (8 - 7) - 0)
-30
Evaluate 18 + (2 - 7 - 21).
-8
What is the value of -2 - (2 + (-11 - -7))?
0
-5 + (-5 - -1 - -3) + 6
0
What is the value of (-3 - 0 - 1) + 24 + -18 + 4?
6
What is the value of (0 - -2) + (8 - (-19 + 35))?
-6
Calculate (-17 - -3) + -6 + 15.
-5
Calculate -10 + -4 + -4 + 19.
1
Calculate -29 + (-15 + -4 - -22).
-26
Evaluate 6 + (5 - (4 - -6)) - (1 - 6).
6
Calculate (-88 - -49 - -41) + (0 - 0) + 6.
8
Calculate 9 + (5 + -5 - 8) - 3.
-2
Evaluate -16 + 16 + -11 + 3 + (-11 - -1).
-18
What is -4 + 7 - 9 - (-10 + -8 + 12)?
0
What is the value of (-1 - (-47 - -35)) + (7 - 0)?
18
Calculate -22 - -3 - ((-6 - -2) + -3).
-12
Calculate 5 - (-10 + 20 - (9 - 2)).
2
Calculate -4 + (11 + -22 - -1).
-14
What is the value of (43 - 35) + (-3 - -3)?
8
2 + -13 + 6 - 1 - (1 - -6)
-13
6 + -21 + (-13 - -29)
1
Calculate -5 + 32 + (-55 - -3).
-25
Evaluate -3 + 4 + -5 - -12.
8
What is -38 - -15 - (-1 - 15)?
-7
What is the value of (-8 + 3 - (-7 - -2)) + 0 - 11?
-11
Calculate -6 + 4 - 2 - (-7 - -11).
-8
What is (-17 - (6 - 23)) + -2 + 3 + -5?
-4
What is the value of -8 + 1 + 2 + -99 + 109?
5
Calculate -13 + (21 - 12) + 7 + 16.
19
-6 + (0 - (-2 - 4)) + (-379 - -390)
11
What is 8 + -5 - 5 - (3 + -2 + -13)?
10
14 + -1 - (2 + -2 + 2)
11
-14 + (-13 - (-30 + -2))
5
Calculate (-1 - 58) + -2124 + 2152.
-31
Evaluate 1 + -12 + (-28 - -51 - 39).
-27
What is the value of -108 - -105 - (0 - 16 - (-18 + 15))?
10
What is (-5 - 1) + 6 + 16 - (-15 + 13)?
18
-16 + (19 - 1) + 12
14
What is the value of -377 - -368 - (-12 + -2)?
5
Evaluate 14 - (7 + 6 + -7 + (-1 -